{"id":8,"date":"2025-07-07T08:19:05","date_gmt":"2025-07-07T06:19:05","guid":{"rendered":"https:\/\/digilab.serbski-institut.de\/hub\/?page_id=8"},"modified":"2026-03-30T09:15:43","modified_gmt":"2026-03-30T07:15:43","slug":"das-neue-museum-oeffnet-seine-tueren-2","status":"publish","type":"page","link":"https:\/\/digilab.serbski-institut.de\/hub\/","title":{"rendered":"Serbski Digilab"},"content":{"rendered":"\n<p class=\"has-text-align-center\">To jo digitalny labor Serbskego Instituta.<\/p>\n\n\n\n<h2 class=\"wp-block-heading has-text-align-center\">Wortschatzinformations- System: DSB<\/h2>\n\n\n\n<figure class=\"wp-block-image size-full\"><img loading=\"lazy\" decoding=\"async\" width=\"614\" height=\"409\" src=\"https:\/\/digilab.serbski-institut.de\/hub\/wp-content\/uploads\/2025\/07\/file_000000000834620ab9543e2f963d6095.png\" alt=\"\" class=\"wp-image-109\" srcset=\"https:\/\/digilab.serbski-institut.de\/hub\/wp-content\/uploads\/2025\/07\/file_000000000834620ab9543e2f963d6095.png 614w, https:\/\/digilab.serbski-institut.de\/hub\/wp-content\/uploads\/2025\/07\/file_000000000834620ab9543e2f963d6095-300x200.png 300w\" sizes=\"auto, (max-width: 614px) 100vw, 614px\" \/><\/figure>\n\n\n\n<div class=\"wp-block-buttons is-content-justification-space-between is-layout-flex wp-container-core-buttons-is-layout-3d213aab wp-block-buttons-is-layout-flex\">\n<div class=\"wp-block-button is-style-outline is-style-outline--1\"><a class=\"wp-block-button__link has-text-color has-background has-link-color wp-element-button\" href=\"https:\/\/digilab.serbski-institut.de\/dsbtekstmining\" style=\"border-radius:100px;color:#ffffff;background-color:#006ab2\">projektowy bok<\/a><\/div>\n\n\n\n<div class=\"wp-block-button is-style-outline is-style-outline--2\"><a class=\"wp-block-button__link has-text-color has-background has-link-color wp-element-button\" href=\"https:\/\/digilab.serbski-institut.de\/dsbtekstmining_intern\/vis\" style=\"border-radius:100px;color:#ffffff;background-color:#006ab2\">digilab (intern)<\/a><\/div>\n\n\n\n<div class=\"wp-block-button is-style-outline is-style-outline--3\"><a class=\"wp-block-button__link has-text-color has-background has-link-color wp-element-button\" href=\"https:\/\/digilab.serbski-institut.de\/dsbtekstmining\/vis\" style=\"border-radius:100px;color:#ffffff;background-color:#006ab2\">digilab<\/a><\/div>\n<\/div>\n\n\n\n<hr class=\"wp-block-separator has-alpha-channel-opacity\"\/>\n\n\n\n<h2 class=\"wp-block-heading has-text-align-center\">Wortschatzinformations- System: Cassnik Subkorpus<\/h2>\n\n\n<div class=\"wp-block-image\">\n<figure class=\"aligncenter size-full is-resized\"><img loading=\"lazy\" decoding=\"async\" width=\"588\" height=\"317\" src=\"https:\/\/digilab.serbski-institut.de\/hub\/wp-content\/uploads\/2025\/07\/cassniktm.jpg\" alt=\"\" class=\"wp-image-81\" style=\"width:461px;height:auto\" srcset=\"https:\/\/digilab.serbski-institut.de\/hub\/wp-content\/uploads\/2025\/07\/cassniktm.jpg 588w, https:\/\/digilab.serbski-institut.de\/hub\/wp-content\/uploads\/2025\/07\/cassniktm-300x162.jpg 300w\" sizes=\"auto, (max-width: 588px) 100vw, 588px\" \/><\/figure>\n<\/div>\n\n\n<div class=\"wp-block-buttons is-content-justification-space-between is-layout-flex wp-container-core-buttons-is-layout-3d213aab wp-block-buttons-is-layout-flex\">\n<div class=\"wp-block-button is-style-outline is-style-outline--4\"><a class=\"wp-block-button__link has-text-color has-background has-link-color wp-element-button\" href=\"https:\/\/digilab.serbski-institut.de\/casniktm\" style=\"border-radius:100px;color:#ffffff;background-color:#006ab2\">projektowy bok<\/a><\/div>\n\n\n\n<div class=\"wp-block-button is-style-outline is-style-outline--5\"><a class=\"wp-block-button__link has-text-color has-background has-link-color wp-element-button\" href=\"https:\/\/digilab.serbski-institut.de\/casniktm\/vis\" style=\"border-radius:100px;color:#ffffff;background-color:#006ab2\">digilab<\/a><\/div>\n<\/div>\n\n\n\n<hr class=\"wp-block-separator has-alpha-channel-opacity\"\/>\n\n\n\n<h2 class=\"wp-block-heading has-text-align-center\">Zb\u011brka \u017a\u011b\u0142owych r\u011bdow za geografiske sl\u011b\u017aenja<\/h2>\n\n\n\n<figure class=\"wp-block-gallery has-nested-images columns-default is-cropped wp-block-gallery-6 is-layout-flex wp-block-gallery-is-layout-flex\">\n<figure class=\"wp-block-image size-large\"><img loading=\"lazy\" decoding=\"async\" width=\"700\" height=\"856\" data-id=\"52\" src=\"https:\/\/digilab.serbski-institut.de\/hub\/wp-content\/uploads\/2025\/07\/karte1.png\" alt=\"\" class=\"wp-image-52\" srcset=\"https:\/\/digilab.serbski-institut.de\/hub\/wp-content\/uploads\/2025\/07\/karte1.png 700w, https:\/\/digilab.serbski-institut.de\/hub\/wp-content\/uploads\/2025\/07\/karte1-245x300.png 245w\" sizes=\"auto, (max-width: 700px) 100vw, 700px\" \/><\/figure>\n\n\n\n<figure class=\"wp-block-image size-large\"><img loading=\"lazy\" decoding=\"async\" width=\"685\" height=\"669\" data-id=\"54\" src=\"https:\/\/digilab.serbski-institut.de\/hub\/wp-content\/uploads\/2025\/07\/karte3.png\" alt=\"\" class=\"wp-image-54\" srcset=\"https:\/\/digilab.serbski-institut.de\/hub\/wp-content\/uploads\/2025\/07\/karte3.png 685w, https:\/\/digilab.serbski-institut.de\/hub\/wp-content\/uploads\/2025\/07\/karte3-300x293.png 300w\" sizes=\"auto, (max-width: 685px) 100vw, 685px\" \/><\/figure>\n\n\n\n<figure class=\"wp-block-image size-large\"><img loading=\"lazy\" decoding=\"async\" width=\"774\" height=\"607\" data-id=\"53\" src=\"https:\/\/digilab.serbski-institut.de\/hub\/wp-content\/uploads\/2025\/07\/karte2.png\" alt=\"\" class=\"wp-image-53\" srcset=\"https:\/\/digilab.serbski-institut.de\/hub\/wp-content\/uploads\/2025\/07\/karte2.png 774w, https:\/\/digilab.serbski-institut.de\/hub\/wp-content\/uploads\/2025\/07\/karte2-300x235.png 300w, https:\/\/digilab.serbski-institut.de\/hub\/wp-content\/uploads\/2025\/07\/karte2-768x602.png 768w\" sizes=\"auto, (max-width: 774px) 100vw, 774px\" \/><\/figure>\n<\/figure>\n\n\n\n<div class=\"wp-block-buttons is-content-justification-space-between is-layout-flex wp-container-core-buttons-is-layout-3d213aab wp-block-buttons-is-layout-flex\">\n<div class=\"wp-block-button is-style-outline is-style-outline--7\"><a class=\"wp-block-button__link has-text-color has-background has-link-color wp-element-button\" href=\"https:\/\/digilab.serbski-institut.de\/geotools\" style=\"border-radius:100px;color:#ffffff;background-color:#006ab2\">projektowy bok<\/a><\/div>\n\n\n\n<div class=\"wp-block-button is-style-outline is-style-outline--8\"><a class=\"wp-block-button__link has-text-color has-background has-link-color wp-element-button\" href=\"https:\/\/digilab.serbski-institut.de\/geotools\/vis\" style=\"border-radius:100px;color:#ffffff;background-color:#006ab2\">Digilab<\/a><\/div>\n<\/div>\n\n\n\n<hr class=\"wp-block-separator has-alpha-channel-opacity\"\/>\n\n\n\n<h2 class=\"wp-block-heading has-text-align-center\">Geografiske daty<\/h2>\n\n\n\n<figure class=\"wp-block-gallery has-nested-images columns-default is-cropped wp-block-gallery-9 is-layout-flex wp-block-gallery-is-layout-flex\">\n<figure class=\"wp-block-image size-large\"><img loading=\"lazy\" decoding=\"async\" width=\"614\" height=\"306\" data-id=\"125\" src=\"https:\/\/digilab.serbski-institut.de\/hub\/wp-content\/uploads\/2025\/09\/geodata.png\" alt=\"\" class=\"wp-image-125\" srcset=\"https:\/\/digilab.serbski-institut.de\/hub\/wp-content\/uploads\/2025\/09\/geodata.png 614w, https:\/\/digilab.serbski-institut.de\/hub\/wp-content\/uploads\/2025\/09\/geodata-300x150.png 300w\" sizes=\"auto, (max-width: 614px) 100vw, 614px\" \/><\/figure>\n<\/figure>\n\n\n\n<div class=\"wp-block-buttons is-content-justification-space-between is-layout-flex wp-container-core-buttons-is-layout-3d213aab wp-block-buttons-is-layout-flex\">\n<div class=\"wp-block-button is-style-outline is-style-outline--10\"><a class=\"wp-block-button__link has-text-color has-background has-link-color wp-element-button\" href=\"https:\/\/digilab.serbski-institut.de\/geodata\" style=\"border-radius:100px;color:#ffffff;background-color:#006ab2\">projektowy bok<\/a><\/div>\n\n\n\n<div class=\"wp-block-button is-style-outline is-style-outline--11\"><a class=\"wp-block-button__link has-text-color has-background has-link-color wp-element-button\" href=\"https:\/\/digilab.serbski-institut.de\/geodata\/vis\" style=\"border-radius:100px;color:#ffffff;background-color:#006ab2\">digilab<\/a><\/div>\n<\/div>\n\n\n\n<hr class=\"wp-block-separator has-alpha-channel-opacity\"\/>\n\n\n\n<h2 class=\"wp-block-heading\">Wubra\u015be webserwisy<\/h2>\n\n\n\n<figure class=\"wp-block-gallery has-nested-images columns-default is-cropped wp-block-gallery-12 is-layout-flex wp-block-gallery-is-layout-flex\">\n<figure class=\"wp-block-image size-large\"><img loading=\"lazy\" decoding=\"async\" width=\"1024\" height=\"596\" data-id=\"83\" src=\"https:\/\/digilab.serbski-institut.de\/hub\/wp-content\/uploads\/2025\/07\/selectedwebsevice-1024x596.jpg\" alt=\"\" class=\"wp-image-83\" srcset=\"https:\/\/digilab.serbski-institut.de\/hub\/wp-content\/uploads\/2025\/07\/selectedwebsevice-1024x596.jpg 1024w, https:\/\/digilab.serbski-institut.de\/hub\/wp-content\/uploads\/2025\/07\/selectedwebsevice-300x175.jpg 300w, https:\/\/digilab.serbski-institut.de\/hub\/wp-content\/uploads\/2025\/07\/selectedwebsevice-768x447.jpg 768w, https:\/\/digilab.serbski-institut.de\/hub\/wp-content\/uploads\/2025\/07\/selectedwebsevice-1536x894.jpg 1536w, https:\/\/digilab.serbski-institut.de\/hub\/wp-content\/uploads\/2025\/07\/selectedwebsevice-1200x699.jpg 1200w, https:\/\/digilab.serbski-institut.de\/hub\/wp-content\/uploads\/2025\/07\/selectedwebsevice.jpg 1539w\" sizes=\"auto, (max-width: 1024px) 100vw, 1024px\" \/><\/figure>\n<\/figure>\n\n\n\n<div class=\"wp-block-buttons is-content-justification-space-between is-layout-flex wp-container-core-buttons-is-layout-3d213aab wp-block-buttons-is-layout-flex\">\n<div class=\"wp-block-button is-style-outline is-style-outline--13\"><a class=\"wp-block-button__link has-text-color has-background has-link-color wp-element-button\" href=\"https:\/\/digilab.serbski-institut.de\/selectedwebservices\/\" style=\"border-radius:100px;color:#ffffff;background-color:#006ab2\">p\u015begl\u011bd<\/a><\/div>\n<\/div>\n\n\n\n<hr class=\"wp-block-separator has-alpha-channel-opacity\"\/>\n\n\n\n<h2 class=\"wp-block-heading\">Tekstowy Serwisowy API &#8211; Dolnoserbski daty<\/h2>\n\n\n\n<div class=\"wp-block-buttons is-content-justification-space-between is-layout-flex wp-container-core-buttons-is-layout-3d213aab wp-block-buttons-is-layout-flex\">\n<div class=\"wp-block-button is-style-outline is-style-outline--14\"><a class=\"wp-block-button__link has-text-color has-background has-link-color wp-element-button\" href=\"https:\/\/tsi.daty.info\/plain\/editions.php\" style=\"border-radius:100px;color:#ffffff;background-color:#006ab2\">datowy p\u015bistup<\/a><\/div>\n\n\n\n<div class=\"wp-block-button is-style-outline is-style-outline--15\"><a class=\"wp-block-button__link has-text-color has-background has-link-color wp-element-button\" href=\"https:\/\/urncts.eu\" style=\"border-radius:100px;color:#ffffff;background-color:#006ab2\">projektowy bok<\/a><\/div>\n<\/div>\n\n\n\n<div class=\"wp-block-buttons is-layout-flex wp-block-buttons-is-layout-flex\"><\/div>\n\n\n\n<p><\/p>\n","protected":false},"excerpt":{"rendered":"<p>To jo digitalny labor Serbskego Instituta. Wortschatzinformations- System: DSB Wortschatzinformations- System: Cassnik Subkorpus Zb\u011brka \u017a\u011b\u0142owych r\u011bdow za geografiske sl\u011b\u017aenja Geografiske daty Wubra\u015be webserwisy Tekstowy Serwisowy API &#8211; Dolnoserbski daty<\/p>\n","protected":false},"author":1,"featured_media":0,"parent":0,"menu_order":0,"comment_status":"closed","ping_status":"closed","template":"","meta":{"footnotes":""},"class_list":["post-8","page","type-page","status-publish","hentry"],"_links":{"self":[{"href":"https:\/\/digilab.serbski-institut.de\/hub\/wp-json\/wp\/v2\/pages\/8","targetHints":{"allow":["GET"]}}],"collection":[{"href":"https:\/\/digilab.serbski-institut.de\/hub\/wp-json\/wp\/v2\/pages"}],"about":[{"href":"https:\/\/digilab.serbski-institut.de\/hub\/wp-json\/wp\/v2\/types\/page"}],"author":[{"embeddable":true,"href":"https:\/\/digilab.serbski-institut.de\/hub\/wp-json\/wp\/v2\/users\/1"}],"replies":[{"embeddable":true,"href":"https:\/\/digilab.serbski-institut.de\/hub\/wp-json\/wp\/v2\/comments?post=8"}],"version-history":[{"count":64,"href":"https:\/\/digilab.serbski-institut.de\/hub\/wp-json\/wp\/v2\/pages\/8\/revisions"}],"predecessor-version":[{"id":162,"href":"https:\/\/digilab.serbski-institut.de\/hub\/wp-json\/wp\/v2\/pages\/8\/revisions\/162"}],"wp:attachment":[{"href":"https:\/\/digilab.serbski-institut.de\/hub\/wp-json\/wp\/v2\/media?parent=8"}],"curies":[{"name":"wp","href":"https:\/\/api.w.org\/{rel}","templated":true}]}}